tor of 261508975?
False
Does 8 divide 31758979?
False
Is 7 a factor of 456284707?
False
Is 1990 a factor of 743567480?
True
Does 90 divide 880622730?
True
Is 138 a factor of 1093184941?
False
Is 4 a factor of 107527366?
False
Is 455 a factor of 24668735?
True
Is 4215 a factor of 118652250?
True
Is 4168429146 a multiple of 126?
True
Does 26 divide 251236024?
True
Is 1188 a factor of 19214339?
False
Does 629 divide 6629660?
True
Is 529363184 a multiple of 28?
True
Does 4732 divide 264121312?
True
Is 147 a factor of 4163818953?
True
Is 2125 a factor of 11570625?
True
Is 1926 a factor of 1430667589?
False
Does 4 divide 3952012?
True
Is 218454590 a multiple of 495?
False
Does 358 divide 7582082?
True
Is 235637460 a multiple of 74?
True
Is 62 a factor of 7932342?
True
Is 58 a factor of 334471?
False
Is 81395112 a multiple of 83?
True
Is 181030645 a multiple of 2083?
False
Is 3396299 a multiple of 48?
False
Is 25 a factor of 15511390?
False
Does 20 divide 2231326220?
True
Is 9 a factor of 18499419?
True
Does 43 divide 184570448?
True
Is 28 a factor of 230065609?
False
Is 738 a factor of 1247153463?
False
Is 30378225 a multiple of 145?
True
Is 34 a factor of 1285888040?
False
Is 3905 a factor of 1232443691?
False
Is 111978136 a multiple of 5?
False
Does 4 divide 32554887?
False
Is 1064517 a multiple of 3?
True
Does 105 divide 753101265?
True
Does 8 divide 67751056?
True
Is 523731913 a multiple of 683?
True
Is 15 a factor of 2626095?
True
Is 99 a factor of 411637777?
False
Is 46 a factor of 7901742?
True
Is 40 a factor of 45258950?
False
Is 2026 a factor of 84323938?
False
Is 17 a factor of 399714030?
True
Is 1730 a factor of 342745870?
True
Does 17 divide 353322766?
False
Is 552491 a multiple of 5?
False
Is 26 a factor of 594094514?
True
Does 21 divide 655245287?
False
Is 905193322 a multiple of 340?
False
Does 45 divide 418000185?
True
Does 16 divide 24960429?
False
Is 9 a factor of 83568888?
True
Is 1198538 even?
True
Is 379 a factor of 699324357?
True
Is 33563420 a multiple of 110?
True
Does 3803 divide 101572263?
False
Does 385 divide 280110600?
True
Is 229 a factor of 113271569?
False
Is 29180941 a multiple of 1501?
True
Does 246 divide 13466040?
True
Is 213 a factor of 868944378?
False
Is 20 a factor of 52327437?
False
Is 4 a factor of 3663160?
True
Is 337035930 a multiple of 231?
True
Does 2370 divide 89448540?
True
Is 4448 a factor of 127733704?
False
Does 129 divide 6663348585?
True
Does 22 divide 1098515814?
True
Is 79 a factor of 2888472129?
False
Is 189 a factor of 4398597?
True
Is 27480254 a multiple of 16?
False
Does 13 divide 195760942?
True
Does 319 divide 533723047?
True
Is 15296634 a multiple of 153?
True
Does 7 divide 124728318?
False
Is 1228525366 a multiple of 353?
False
Is 406625394 a multiple of 7?
True
Is 1139993905 a multiple of 673?
False
Is 37 a factor of 244932711?
True
Is 187 a factor of 24444335?
False
Is 2194 a factor of 43538062?
False
Does 785 divide 150333780?
True
Is 3602 a factor of 451744830?
True
Does 8 divide 295124949?
False
Is 239 a factor of 3343054494?
False
Is 587419 a multiple of 982?
False
Is 828561940 a multiple of 1164?
False
Does 22 divide 1999673874?
True
Is 3658 a factor of 148489194?
True
Is 1934 a factor of 1442188?
False
Is 87 a factor of 43085512?
False
Is 1722 a factor of 60836538?
True
Is 2335 a factor of 2292855585?
True
Does 270 divide 22465080?
True
Is 256269039 a multiple of 7?
False
Does 46 divide 20180890?
True
Does 7 divide 226587491?
False
Is 37547950 a multiple of 55?
True
Is 41 a factor of 25302400?
False
Is 245005174 a multiple of 2247?
False
Is 25728714 a multiple of 121?
True
Does 12 divide 69804588?
True
Is 37236454 a multiple of 9?
False
Is 27 a factor of 51600944?
False
Does 55 divide 5227883?
False
Is 7 a factor of 1341288310?
False
Is 360 a factor of 112167360?
True
Is 148 a factor of 7178148?
True
Is 3954 a factor of 18427287?
False
Is 2402 a factor of 47833428?
True
Does 41 divide 21339270?
True
Is 7744592 a multiple of 18?
False
Is 16 a factor of 342324544?
True
Is 125 a factor of 14908719?
False
Does 749 divide 4007188?
False
Is 47 a factor of 903344559?
True
Is 35556209 a multiple of 14?
False
Is 70238891 a multiple of 6179?
False
Is 16 a factor of 253997622?
False
Is 467974462 a multiple of 1401?
False
Is 1987 a factor of 72922552?
False
Is 35857500 a multiple of 15?
True
Is 200114800 a multiple of 539?
False
Is 34 a factor of 820158798?
False
Is 37 a factor of 159020197?
False
Is 8050 a factor of 4914871150?
True
Does 230 divide 55679057?
False
Is 26 a factor of 868790111?
False
Does 1567 divide 232040413?
False
Is 1513 a factor of 62088298?
False
Is 872 a factor of 17858678?
False
Is 309714 a multiple of 39?
False
Is 32949761 a multiple of 809?
True
Is 10 a factor of 35985170?
True
Does 487 divide 52790800?
True
Is 144892579 a multiple of 23?
False
Is 152591478 a multiple of 37?
True
Does 680 divide 2048458520?
True
Is 54365745 a multiple of 95?
True
Does 28 divide 47037557?
False
Is 18 a factor of 165523774?
False
Does 54 divide 5360418?
True
Does 2 divide 248243586?
True
Does 49 divide 1003235457?
True
Is 136 a factor of 24170909?
False
Is 5 a factor of 30610530?
True
Is 38 a factor of 37382438?
False
Does 1295 divide 3773730901?
False
Is 11 a factor of 540246151?
False
Is 78723039 a multiple of 17?
True
Is 1180 a factor of 72345996?
False
Is 11 a factor of 365307090?
False
Does 4285 divide 2430961915?
True
Does 288 divide 482355087?
False
Is 29 a factor of 266230784?
False
Is 98 a factor of 87532718?
True
Is 68905760 a multiple of 88?
True
Does 34 divide 233256864?
True
Is 23 a factor of 141634851?
True
Does 4 divide 17482842?
False
Is 75 a factor of 539472975?
True
Is 808 a factor of 17308168?
True
Is 294736265 a multiple of 311?
False
Does 654 divide 3732120702?
False
Does 129 divide 1507810050?
True
Does 995 divide 254398615?
True
Does 156 divide 18453864?
True
Is 5457370 a multiple of 19?
True
Does 351 divide 297090591?
False
Does 2046 divide 847884906?
True
Is 70857272 a multiple of 12030?
False
Is 786 a factor of 28921040?
False
Does 31 divide 4697626?
False
Does 37 divide 9676758?
True
Does 16817 divide 5467008277?
False
Is 9712174 a multiple of 94?
True
Does 14 divide 4721955673?
False
Is 718 a factor of 163552502?
True
Does 874 divide 33849890?
False
Is 18 a factor of 25812939?
False
Is 15253178 a multiple of 31?
True
Is 70293048 a multiple of 24?
True
Does 7 divide 254742166?
True
Is 67 a factor of 158543935?
False
Is 6 a factor of 700892116?
False
Is 23958272 a multiple of 256?
True
Is 2150772855 a multiple of 231?
True
Is 16934652 a multiple of 236?
True
Does 225 divide 233100?
True
Is 1387276 a multiple of 44?
True
Does 5 divide 130598560?
True
Does 4404 divide 455479296?
True
Is 1610515736 a multiple of 1688?
True
Does 17 divide 184395398?
False
Is 44 a factor of 193381194?
False
Does 314 divide 60576751?
False
Does 374 divide 23885136?
True
Does 2555 divide 815934140?
True
Is 13491952 a multiple of 16?
True
Does 24 divide 380514556?
False
Does 116 divide 2005979880?
True
Is 3091485055 a multiple of 120?
False
Is 138 a factor of 1397816?
False
Is 2503244374 a multiple of 36?
False
Is 137471880 a multiple of 1092?
True
Is 66 a factor of 1336772545?
False
Is 70795170 a multiple of 45?
True
Does 180 divide 235992600?
True
Is 447 a factor of 3560955?
False
Is 34941965 a multiple of 229?
True
Does 14 divide 42929852?
True
Does 51 divide 3504293946?
True
Is 11345056 a multiple of 24?
False
Is 599 a factor of 4281053?
True
Is 1288 a factor of 82761728?
True
Is 20 a factor of 211763504?
False
Is 96755159 a multiple of 466?
False
Is 58558642 a multiple of 37?
True
Does 17 divide 346820763?
False
Does 181 divide 68524377?
False
Does 13 divide 503214651?
False
Does 288 divide 611027116?
False
Is 201969555 a multiple of 95?
False
Is 1596932198 a multiple of 3084?
False
Does 2609 divide 147810286?
True
Is 352183940 a multiple of 284?
False
Is 40393254 a multiple of 2838?
True
Does 354 divide 40364866?
False
Is 443214 a multiple of 6?
True
Is 93 a factor of 64277800?
False
Is 1520 a factor of 31904012?
False
Is 1214738305 a multiple of 3753?
False
Is 1388 a factor of 510407852?
True
Does 360 divide 1151387250?
False
Does 50 divide 102780000?
True
Is 19 a factor 